 + 2 + 2*k**2 - 16. Give f(-10).
-8
Let m(t) = 59*t + 98. Let d(x) = 2*x + 7. Let l(r) = 14*d(r) - m(r). Give l(0).
0
Let a(d) be the second derivative of -d**4/12 - 5*d**3/3 - d. Let l(h) = h**3 + h**2 + 152*h - 10. Let n be l(0). What is a(n)?
0
Let l(k) = -k**2 + 2*k + 30. Suppose 263*r - 1071 = 899 - 129. What is l(r)?
-5
Suppose -r + 17 = 5*s, -2*r + 0 = 4*s - 16. Let v(c) = -2*c**2 + 9*c - 2*c**3 + 7*c + s - 14*c. Give v(-2).
7
Let k = 69 + -67. Let j(p) = 3129*p + 0*p**2 + p**k - 3128*p. Suppose 2*r - 3*x - 6 = 0, -3*x + x - 4 = 0. What is j(r)?
0
Let u(g) = g**3 - 8*g**2 - 8*g - 6. Suppose -8*f + 5*f + 168 = 0. Suppose 6*o = -f + 584. Suppose -8*h = -o + 16. Determine u(h).
3
Let o(j) = j - 10. Let y(l) = 2*l + 20. Let u be y(-9). Suppose u*z = -b + 7 + 8, -5*z + 39 = 3*b. Suppose 0 = 11*h - z*h - 30. Give o(h).
-4
Let n(d) = -d - 4. Let t(r) = 2*r + 7. Suppose 17*v = 7*v - 40. Let g(k) = v*t(k) - 9*n(k). Calculate g(-4).
4
Let c(u) = -82 + 95 - 4*u + 3*u - 3*u + 0*u. What is c(7)?
-15
Suppose -2*u + 34 = -5*u - 4*f, -u = 2*f + 14. Suppose -3*q = 12, 0 = 2*l - 0*l + q - 8. Let m(a) = -2*a**2 + 7*a - a**2 - a**2 - a**3 - a**2 + l. Give m(u).
0
Let a be -6 + (5 - (0 - 1965)). Let r(i) = 3*i - 2*i**2 + 3*i**2 - a + 1959. Give r(-5).
5
Let m(k) = k**3 + 3*k**2 - 2*k + 4. Let d(o) = o**2 + 15*o - 3. Let g be d(-15). Let w be g/(-6)*(1 + 63). Suppose -8*b - w = -0*b. Give m(b).
-4
Let q(v) = 302 - v - 144 + 6*v - 150. Determine q(0).
8
Let q(l) be the first derivative of 2*l**3/3 + 41. Suppose -4*s + 8 = 2*o - 12, 2*s + 2 = 5*o. Determine q(o).
8
Let c(m) be the first derivative of -m**3/3 + 2*m**2 - 7*m + 20056. Suppose -4*t = 8, 2*t = -2*v + 4*t + 16. What is c(v)?
-19
Let f(k) = 4*k**3 + 11*k**2 + 27 - 68 + 51 + 25*k - 3*k**3. What is f(-8)?
2
Suppose -16*q = -17*q + 2*m + 2, 5*m - 5 = 0. Let f(r) = r**3 - 4*r**2 - 8*r + 28. Determine f(q).
-4
Let v(h) = -h**2 + h - 5. Suppose 0 = 5*d - y - 490, 3*d - 12*y - 294 = -15*y. Let g = d - 98. What is v(g)?
-5
Let v be 9 + -5 + -9 + (-2 - -1). Let g be -1*((-9)/(-54))/((-1)/v). Let y(l) = -6*l**2 + 1. What is y(g)?
-5
Let h(x) = 23*x**3 + 31*x**2 - x - 26. Let i(l) = 19*l**3 + 27*l**2 - 25. Let b(r) = 5*h(r) - 6*i(r). Determine b(7).
-15
Let z(x) = 2*x**2 - 2*x - 40. Let v = -7205 - -7210. What is z(v)?
0
Let j = -142 - -147. Suppose 5*o = -7*y + 5*y - 31, j*o + 37 = -4*y. Let d(m) = -8 - m + 4 - 3*m. Calculate d(y).
8
Let r(x) = x**2 - 16*x + 16*x + 2. Let q be 0/(5*(-4)/(-20)). Give r(q).
2
Let g(r) = 2*r - 7. Suppose 36*t - 3*w + 33 = 40*t, -w = 3*t - 16. Calculate g(t).
-1
Let h(l) = -l**2 + 3*l + 1. Suppose 0 = 106*v - 162*v - 112. Give h(v).
-9
Suppose 514*b = 254*b + 261*b - 5. Let p = -12 + 8. Let h be 10/p*(-1)/b*8. Let x(c) = 2*c - 2. Determine x(h).
6
Let q(x) = 5*x**3 + 18*x**2 + 32*x - 1. Let g(m) = 19*m**3 + 72*m**2 + 129*m + 1. Let a(y) = 4*g(y) - 15*q(y). Give a(-16).
-45
Let h(t) = t**2 - 9*t - 16. Let f = 274 - 274. Suppose -2*a = 2*l - 30, l + 23*a - 24*a - 7 = f. Determine h(l).
6
Let s be (-1)/(-2)*(7 - (7 + 2)). Let o(w) be the first derivative of -11*w**2/2 - w + 2. What is o(s)?
10
Let d be ((-6)/(-4) + -2)/((-7)/826). Suppose 45 = -64*p + d*p. Let o(u) = u - 6. Let s(j) = -1. Let l(g) = -o(g) + 2*s(g). What is l(p)?
13
Let h(k) = -k**2 + 306*k - 912. Let w be h(3). Let v be 7 - (4/2 - 2). Let d(j) = j - v*j + 2*j + 4. Give d(w).
16
Let g = 6 - 4. Let q = -523 + 527. Suppose 7 = -5*c - 3*w, q*c + 4*w = -2 - g. Let y(h) = -h**3 - 2*h**2 + 2*h. Determine y(c).
-4
Let k(m) = m**3 - 6*m**2 - 6*m - 1. Suppose -6*z = -8*z - 10*z. Suppose z = -4*d - 5*s + 3, -s - 4*s = d + 18. Calculate k(d).
6
Let z(q) = -q + 40. Let j be z(10). Suppose 0 = -8*o + 6*o + j. Suppose -3 = 2*h + 7, g + 4*h + o = 0. Let c(l) = -l**2 + 8*l - 3. Calculate c(g).
12
Let n(q) = q**3 + 10*q**2 + 9. Suppose 65*m + 2*m + 119 + 551 = 0. What is n(m)?
9
Let c(b) = 2*b**2 - 5*b - 17. Suppose -1241*l - 120 = -1271*l. Determine c(l).
-5
Suppose 182 = 4*d + 10*d. Let j(i) = 11*i + d*i + 11*i - 36*i - 2. What is j(-10)?
8
Let w(n) = 3*n + 6. Let h(o) = 2*o + 4. Let m(z) = 7*h(z) - 5*w(z). Let y = -1108 - -1108. Suppose -8*a + 39 - 23 = y. Calculate m(a).
-4
Let i = 2119/10 - 1057/5. Let o(u) be the third derivative of i*u**3 + 0*u + 0 + 11*u**2 - 1/3*u**4 + 1/60*u**5. Determine o(9).
12
Let w(t) = 11*t + 73. Let i(u) = 9*u + 53. Let o(m) = -7*i(m) + 6*w(m). What is o(-14)?
25
Let u(p) = -p**3 - 501*p + 24 - 9*p**2 - 459*p + 951*p. Determine u(-6).
-30
Let w(l) = l**2 + 3*l + 21. Let p(y) = -y**2 - 3*y - 26. Let g(i) = 6*p(i) + 7*w(i). Let d = 172 - 176. Calculate g(d).
-5
Let m(l) = l - 5. Let c(a) = -19*a - 9. Let x be c(-2). Let q = x + -17. Let y be m(q). Let f(v) = v**2 - 7*v - 6. Determine f(y).
-6
Let b(c) = -c**3 - 6*c**2 - 6*c - 1. Let t be b(-4). Suppose 198 - 72 = 42*g. Let d(o) = 5*o - 5*o - 13 + 5*o**2 - 14*o**2 - o**g + 19. Determine d(t).
6
Let a be 3 - 112/36 - 7772/522. Let d(y) = -2*y + 34. Determine d(a).
64
Let i = -2 - -25. Let s = -13 + i. Suppose -7*n = -s*n + 15. Let l(u) = -u**3 + 6*u**2 - 6*u + 4. Give l(n).
-1
Suppose 5*c + 20055 = 20020. Let b(a) = -a**2 - 4*a + 23. Calculate b(c).
2
Let y(u) = -10*u**2 + 46*u - 58. Let i(p) = -p**2 - 2*p + 1. Let h(o) = -7*i(o) + y(o). Give h(19).
-8
Let w be (-110)/(-11) + 10 + 4/2. Let c be 5/(-3) + w/6. Let s(g) = 6*g + 1. Let y(n) = -5*n - 1. Let o(m) = -2*s(m) - 3*y(m). What is o(c)?
7
Let f = 68 - 67. Let j(c) be the second derivative of 7*c - 1/2*c**2 + 0*c**3 - 3/4*c**4 + 0. What is j(f)?
-10
Let u(l) be the second derivative of -2*l**3/3 + l. Let p(t) = -2*t**2 - 22*t - 50. Let o be p(-3). Calculate u(o).
8
Suppose 10*b = 93 - 43. Suppose 2*h + 46 = 3*l, b*l - 26*h = -22*h + 80. Let z(u) = 2*u - 4. What is z(l)?
20
Suppose 4*u = 2*s - 96, -106 = -2*s - 2*u + 14. Let m be (s/(-21))/((-16)/12). Let i(y) = 2*y**3 + y**2 + 2*y - 1. Calculate i(m).
23
Let g(h) = -h**2 - 5*h + 9. Let r(o) = -o**2 - 6*o + 10. Let j(q) = 4*g(q) - 3*r(q). Suppose 0 = -32*m + 22*m + 50. Determine j(m).
-29
Let v be (-1 + (-3)/3 - -1)*(-174 + 174). Let h(j) = -j**2 - 3*j + 12. What is h(v)?
12
Suppose 0 = 5*t - 8*c + 10, 0 = 2*t - 5*c + 4. Let h(q) = 7*q**3 - 2*q**2 - q + 1. Determine h(t).
-61
Let l be -14*3*(40/(-84))/1. Suppose -14*g = -l*g + 12. Let w(d) = 4*d - 4. Determine w(g).
4
Let p be 8/(-6)*-3*143. Suppose 4*m + p - 568 = 0. Let n(w) be the first derivative of -w**3 - w - 2. What is n(m)?
-4
Let z(s) be the third derivative of -s**7/1680 + 7*s**6/720 - 287*s**5/60 + 3*s**2 + 4. Let t(l) be the third derivative of z(l). What is t(-3)?
16
Let h(s) be the second derivative of s**5/20 - 5*s**4/12 - s**3/3 + s**2 + s - 1492. Let n = -1 + 6. What is h(n)?
-8
Let z(h) = -45*h - 89. Let u be 38 + 5310/(-135) - (-2)/(-3). What is z(u)?
1
Suppose -358*q - 708*q - 4276 = 3*q. Let f(y) = -y**3 + 3*y**2 + 8*y + 2. Let h(j) = j**2 + j. Let r(k) = -f(k) + 6*h(k). Calculate r(q).
-10
Let n be (-60)/(15/(-1)) - 13. Let a(w) = -w**3 - 10*w**2 - 11*w + 8. Determine a(n).
26
Let o(r) = r + 4. Let t be (-1*1 - 3)*63/(-126). Suppose w = -3*n + 29 - 0, -n + 2*w = t. Suppose 0 = -3*j - s - s + 16, -4*s + n = 0. Calculate o(j).
8
Let l be (-5)/(-2)*(0 - 8/(-5)). Suppose 2*r = l*g + 8, 4*g - 2 = 6*g. Let o(p) = -2*p**3 - p**2 - 1. What is o(r)?
-21
Let f(h) = h**2 + 3. Let n be 159/(-297)*-3*-3 + (-232)/1276. Let s(l) = 7*l + 11. Let i(x) = 8*x + 12. Let a(g) = 6*i(g) - 7*s(g). Let c be a(n). What is f(c)?
3
Let x(o) = -o**2 - 8*o + 1. Let k = 42 + -11. Suppose 3*r - 4 + k = 0. Give x(r).
-8
Let m(a) = -a + 43. Let t(z) = 295*z - 4111. Let q be t(14). Calculate m(q).
24
Let v(z) = 29*z + 159. Let q(i) = -i + 9. Let b(f) = -6*q(f) - v(f). Calculate b(-9).
-6
Let k(m) = -3*m**2 - 19*m + 13. Let h(o) = 2*o**2 + 9*o - 7. Let y(t) = 5*h(t) + 3*k(t). Let g be -88*(-5 - (-156)/32). Give y(g).
-7
Suppose 0 = 3*g - 18 - 21. Let m = -6 + g. Let y(a) be the second derivative of a**5/20 - 7*a**4/12 + a**3/3 - 3*a**2/2 + 202*a. Determine y(m).
11
Suppose 5*g - 11 - 13 = -4*h, -4*g - h + 28 = 0. Let s(j) = -502*j**2 - 5 + g*j + 0*j - 499*j**2 + 1002*j**2. Give s(-8).
-5
Let q(h) be the second derivative of h**4 - h**3/6 - 2*h. Let o = -15 - -19. Suppose 2*c - y + 3 = 1, y - 8 = -o*c. Calculate 